 - 3*n + s + 4 = 0. Let l(h) = h**2 - 2*h**2 - 5*h**n - 5*h**3 + 2*h + h**3. What is the tens digit of l(-2)?
6
Let h(n) = 2*n**2 + 13*n + 52. What is the tens digit of h(-12)?
8
Let b = -156 - -243. What is the tens digit of b?
8
Let s be 1 + (-5 - (-9)/3). Let l be -1 + 3 + 2 + s. Suppose l*i = 5*q + 82, -2*q = i - 5*q - 30. What is the units digit of i?
4
Suppose -4*h = -5*i + 1527, -4*i = -0*h + 3*h - 1203. What is the hundreds digit of i?
3
Let b = 147 + -105. Suppose b = 2*y - 78. What is the units digit of y?
0
Let l = -4 + 138. Let d = 204 - l. What is the tens digit of d?
7
Suppose 0 = -2*j - 5*j + 273. Let g be 201 + (4 + -2 - 3). Suppose -5*k + j = n - 3*k, -5*n + g = 5*k. What is the units digit of n?
1
What is the tens digit of (-6)/(-2) - (-800 + -17)?
2
Suppose -p + 343 = 4*t, -4*t + 5*p + 189 = -160. What is the tens digit of t?
8
Let b(g) = g**3 + 5*g**2 - 8*g - 9. Let c be b(-6). Suppose 4*s - 156 = -4*d, -c*d + 2*d - 4*s + 39 = 0. Suppose 2*p + d = 5*p. What is the units digit of p?
3
Let f(v) = -20*v - 134. What is the units digit of f(-7)?
6
Suppose 396 = 6*m - 426. What is the units digit of m?
7
Let w = 2039 - 1965. What is the tens digit of w?
7
Let m(s) = -49*s - 180. What is the hundreds digit of m(-11)?
3
Suppose -360*j + 325*j = -15855. What is the tens digit of j?
5
Suppose 11*h - 2*h - 1638 = 0. What is the units digit of h?
2
Let g(t) = 3*t**2 - 19*t - 20. What is the units digit of g(-14)?
4
Suppose 2*h = -2*x + 2250, 2*x + 3381 = 3*h + 7*x. Suppose q = -5*q + h. What is the units digit of q?
7
Let o = -7 - -20. Let w(a) = -o*a**2 + 5*a**2 + a**3 + 7*a + 7*a**2 - 1. What is the tens digit of w(3)?
3
Suppose 19*w = 14196 + 13221. What is the units digit of w?
3
Let t(s) = 188*s + 85. What is the units digit of t(4)?
7
Let q(l) = 8*l - 2. Let x be (-1 + 0)/(-3 + 38/13). What is the tens digit of q(x)?
0
Let o = -94 - -97. Let b = 45 + -8. Suppose 2*l = b + o. What is the tens digit of l?
2
Suppose 0 = 16*r - 17414 - 19818. What is the tens digit of r?
2
Suppose 5*x + 79 + 66 = t, -16 = -4*x. Let h be t/(-25) - 9/(-15). What is the units digit of 1*-2 - 114/h?
7
Let x(u) = 6*u**2 - 27*u - 22. What is the hundreds digit of x(-11)?
0
Let w = -46 + 106. Let x = w - 37. What is the tens digit of x?
2
Suppose 4*i - 2*i = -2*m + 542, -279 = -i - 5*m. Suppose -l = -7 + 3. Suppose l*d = -1 + i. What is the tens digit of d?
6
Let i(k) = k**3 + k**2 - k. Let b(l) = 2*l**3 + l**2 - 5*l - 9. Let t(v) = b(v) - 3*i(v). Let r be t(-3). What is the units digit of (-158)/(r/(-3))*1?
9
Let k be 1/((-2)/(-30)*5). Suppose 84 = k*z - 69. What is the units digit of z?
1
What is the units digit of 5585/25 - (-16)/(-40)?
3
Let n(s) = 94*s**2 - 21*s - 167. What is the hundreds digit of n(-7)?
5
Let q(u) = 24*u + 60. What is the hundreds digit of q(21)?
5
Let i(z) = z**2 + z + 1. Let a(k) = 2*k**2 - 4*k. Let d(j) = a(j) + 2*i(j). Let q be d(1). Suppose q*m - 13 = 123. What is the tens digit of m?
3
Suppose 5*w = 2*n - 2158, -n + 1224 = -5*w + 150. Suppose 3*c + 261 - 1054 = b, -4*c + n = 4*b. What is the units digit of c?
6
Let m(q) = -4*q - 6. Suppose -6*i + 3*i - 12 = 0, o - 2*i + 4 = 0. What is the tens digit of m(o)?
4
Suppose -5*a + 2*r = -291, -2*a - a + 167 = -5*r. Let t = -109 + a. What is the units digit of (15 + 0)*(-20)/t?
6
Suppose -2*r = j + 163, 5*r - j + 275 = -115. Let p = -34 - r. What is the tens digit of p?
4
Suppose -3*g + 2*u + 1485 + 78 = 0, 0 = -5*g - 4*u + 2583. What is the hundreds digit of g?
5
Suppose 0 = o + 3*o - 4*a + 68, -3*o + 5*a = 61. What is the units digit of ((-1)/(9/o))/((-3)/(-162))?
2
Let v(s) = -s**2. Let t(z) = -z**2 - 4*z + 8. Let p(i) = -1. Let d(f) = 3*p(f) + t(f). Let a(n) = d(n) - 2*v(n). What is the units digit of a(7)?
6
Let z(j) = 5*j + 2*j + 0*j + 8 - j**2 + 2*j**2. Let a be z(-6). Suppose 5*q + a = 7. What is the units digit of q?
1
Let z(q) = -3*q - 10. Let u be 2/8 + 9/12. Let f be 4/(-1 + u/2). What is the units digit of z(f)?
4
Suppose -5*j + 23 = -l, -3*l - 2*l = -j - 5. Let p be 1 + 0 + -1 + j. Suppose 3*a - 18 = 3*n, p*n = -3*a - 0*a + 2. What is the units digit of a?
4
Let q be (-4 + -2)/(5 + -7). What is the tens digit of -1 + 10*18/q?
5
Suppose -5*w + 3*c - 5*c + 3126 = 0, -w + 636 = 4*c. What is the tens digit of w?
2
Let k(h) = 79*h - 2. Let y be k(1). What is the tens digit of (-2)/(-14) + 990/y?
1
Suppose 98 = -5*r - 107. Let v = 89 + r. What is the tens digit of v?
4
Let y(f) = -19*f**3 - 7*f**2 + f + 7. What is the tens digit of y(-3)?
5
Let k(y) = -2*y + 45. Let x(c) = c**2 - 3. Let q be x(3). Suppose 2*z + a + 2 = 2*a, -5*z = -3*a + q. What is the tens digit of k(z)?
4
What is the tens digit of ((-56)/24)/((-3)/90)?
7
Let i be (-2)/5 + (-4)/(-10). Let s = -24 - -42. Suppose y - s = -i*y. What is the units digit of y?
8
Let d(k) = -50*k**3 - 7*k**2 - 15*k - 3. What is the tens digit of d(-3)?
2
Suppose 0 = 3*t + 4*i - 113, -2*t + 49 = 2*i - 27. Suppose -3*z + 212 = x, z + 4*x - t = 39. What is the units digit of z?
0
Suppose -232 + 1752 = 8*l. What is the tens digit of l?
9
Let z(f) be the third derivative of 1/15*f**5 + 0*f + 2*f**2 - 1/12*f**4 + 1/120*f**6 + 0 - 1/6*f**3. What is the tens digit of z(2)?
1
Suppose -c - j = -7, 0 = 6*c - c - j - 59. Let q be -2*5/10*-9. Let a = c - q. What is the units digit of a?
2
Suppose 0*t + 4 = -t, l - t - 7 = 0. Suppose l*p - 115 = -2*p. What is the units digit of p?
3
Suppose j + 61 - 12 = -2*c, -42 = c + 4*j. Let w be 46 + (-2 - 4)*1. Let u = w + c. What is the tens digit of u?
1
Let b = 366 + -169. What is the tens digit of b?
9
Let q be 28/6*60/14. Suppose 92 = 2*t - q. What is the tens digit of t?
5
Let u(z) = -6*z**3 - 8*z**2 + 13*z - 10. Let m(c) = -5*c**3 - 8*c**2 + 12*c - 9. Let w(x) = -5*m(x) + 4*u(x). What is the tens digit of w(-7)?
1
Suppose -l = -5*x - 2051, 2*l + 179 - 4257 = 4*x. What is the hundreds digit of l?
0
Suppose -c = 4*x - 8, x = 3*x - 2*c - 4. Let r be x/11 - (-750)/110. Suppose 3*q = -5*i + 153, -3*q - 4*i + r*i = -177. What is the units digit of q?
6
Let t = 379 - 124. What is the units digit of t?
5
Suppose 4*a - 21 = -5*o - 0*a, -3 = -o - 2*a. Suppose -t + 2*t = -2*y, -39 = -4*t + o*y. Suppose -3*g = -15 + t. What is the units digit of g?
3
Suppose 83 = 2*g - 27. Let n = 22 - g. What is the tens digit of n/(-2) + 3/6?
1
Suppose 2*z - 50*m - 546 = -49*m, -3*m - 1096 = -4*z. What is the hundreds digit of z?
2
Suppose -19*r = -4*r - 7245. What is the hundreds digit of r?
4
Let w(m) = 5*m**3 - m**2 - 5*m + 34. Let u(z) = 6*z**3 - z**2 - 6*z + 35. Let b(o) = -6*u(o) + 7*w(o). What is the units digit of b(0)?
8
Let r(t) = 2*t**2 - 11*t - 7. Let s be r(10). Suppose -s = -2*d - 3*g, -5*g = -3*d + 69 + 46. What is the tens digit of d?
4
Let r(g) = -g**2 - 42*g - 54. Let b be r(-28). Suppose 5*z - b - 207 = 0. What is the tens digit of z?
0
Let p = -12 - -16. Suppose -2*a + 204 = p*c - 4*a, -4*a + 229 = 5*c. What is the units digit of c?
9
Let b(t) = 7*t - 24. Let o be b(17). Suppose 4*u = 5*u - o. What is the tens digit of u?
9
What is the units digit of 43190/14 + -5*1?
0
Let v(h) = 5*h**3 + h**2 + h + 1. Let n be v(-1). Let x(s) = s**3 + 8*s**2 - 5*s - 10. What is the tens digit of x(n)?
7
Suppose -o + 4*o - 12 = 0, -5*k - 2 = 2*o. Suppose -2*v + 2*b = -5*v - 13, -12 = 2*v + 3*b. What is the tens digit of k - (-29 + (-2 - v))?
2
Suppose 4*f + 50 = 2. Let m be (-8)/f*-3*-7. What is the tens digit of 2/m + 1590/42?
3
Suppose 0 = -11*u + 178 - 563. Let i = 164 + u. What is the hundreds digit of i?
1
Let g be (2/(-8))/((-6)/48). Suppose 10 = -2*n - g*y, -3*n + 5*y + 2 + 7 = 0. What is the tens digit of (0 + n)/((-2)/21)?
2
Suppose 5*f - 1564 = -4*x, 2*x + 11*f = 12*f + 782. What is the hundreds digit of x?
3
Suppose 5*k - 3*k = 4*t - 8, -4*k = -4*t. What is the tens digit of 295/3 + k/((-12)/1)?
9
Let f(y) = -2*y + 8. Let p be f(3). Suppose 0*x - 86 = -p*x. What is the tens digit of x?
4
What is the tens digit of (-2)/(9048/(-1808) + 5)?
5
What is the hundreds digit of ((-358)/4)/(-2 - 9/(-6))?
1
Let a(c) = -c**2 - 8*c + 9. Let d be a(-9). Suppose 4*i = 0, -4*b = 2*i - d*i. Suppose 5*j + 4*h = 42, b*j - 2*j + 14 = 3*h. What is the units digit of j?
0
Suppose -10*b + 50 = -0. Suppose 0*k - 15 = -b*k, f + 5*k 